{"id":998,"date":"2025-06-08T17:00:13","date_gmt":"2025-06-08T17:00:13","guid":{"rendered":"https:\/\/www.nimfetka.pl\/?post_type=product&#038;p=998"},"modified":"2025-07-02T21:31:13","modified_gmt":"2025-07-02T21:31:13","slug":"koronkowy-komplet-avignon-secret","status":"publish","type":"product","link":"https:\/\/www.nimfetka.pl\/index.php\/produkt\/koronkowy-komplet-avignon-secret\/","title":{"rendered":"KORONKOWY KOMPLET AVIGNON SECRET"},"content":{"rendered":"<p data-start=\"104\" data-end=\"158\"><strong data-start=\"104\" data-end=\"158\">Avignon Secret \u2013 odkryj sekret zmys\u0142owej dominacji<\/strong><\/p>\n<p data-start=\"160\" data-end=\"398\">Zanurz si\u0119 w atmosferze francuskiej nami\u0119tno\u015bci z <strong data-start=\"210\" data-end=\"228\">Avignon Secret<\/strong> \u2013 trzyelementowym kompletem bielizny, kt\u00f3ry nie pozostawia miejsca na niedopowiedzenia. To propozycja dla kobiet, kt\u00f3re wiedz\u0105, czego chc\u0105 \u2013 i nie boj\u0105 si\u0119 tego pokaza\u0107.<\/p>\n<p data-start=\"400\" data-end=\"681\">Delikatna koronka z kwiatowym motywem subtelnie ods\u0142ania cia\u0142o, prowokuj\u0105c spojrzenia i pobudzaj\u0105c wyobra\u017ani\u0119. Biustonosz z fiszbinami kszta\u0142tuje i unosi piersi, podkre\u015blaj\u0105c ich naturaln\u0105 kr\u0105g\u0142o\u015b\u0107, a jednocze\u015bnie pozostawia wystarczaj\u0105co du\u017co przestrzeni, by wzrok m\u00f3g\u0142 b\u0142\u0105dzi\u0107&#8230;<\/p>\n<p data-start=\"683\" data-end=\"953\">Stringi z wysokim stanem w kusz\u0105cym kszta\u0142cie litery V smakowicie eksponuj\u0105 biodra, tworz\u0105c harmonijn\u0105 lini\u0119 z elastycznym pasem do po\u0144czoch. Ale to nie wszystko \u2013 metalowe \u0142a\u0144cuszki i regulowany choker z subtelnym pazurem dodaj\u0105 temu zestawowi wyrafinowanej perwersji.<\/p>\n<p data-start=\"955\" data-end=\"1251\"><strong data-start=\"955\" data-end=\"973\">Avignon Secret<\/strong> nie jest tylko bielizn\u0105 \u2013 to gra w dominacj\u0119 i uleg\u0142o\u015b\u0107, ukryta w koronach i paskach, gotowa, by rozegra\u0107 si\u0119 przy blasku \u015bwiec lub pod p\u0142aszczykiem codziennej stylizacji. Doskona\u0142y na noc pe\u0142n\u0105 nami\u0119tno\u015bci, prezent dla odwa\u017cnych, czy sesj\u0119 zdj\u0119ciow\u0105, kt\u00f3ra ma rozpali\u0107 zmys\u0142y.<\/p>\n<p data-start=\"1253\" data-end=\"1407\">Mi\u0119kki, elastyczny materia\u0142 (90% poliester, 10% elastan) dopasowuje si\u0119 do cia\u0142a, niczym druga sk\u00f3ra \u2013 pozwalaj\u0105c Ci porusza\u0107 si\u0119 z lekko\u015bci\u0105&#8230; i w\u0142adz\u0105.<br \/>\nAby zachowa\u0107 doskona\u0142y stan kompletu bielizny, zalecamy pranie wy\u0142\u0105cznie r\u0119czne i unikanie czyszczenia chemicznego.<\/p>\n<p data-start=\"1414\" data-end=\"1487\" data-is-last-node=\"\" data-is-only-node=\"\"><strong data-start=\"1414\" data-end=\"1432\">Avignon Secret<\/strong> \u2013 bielizna, kt\u00f3ra nie prosi o uwag\u0119. Ona j\u0105 przyci\u0105ga.<\/p>\n<div style=\"width: 1080px;\" class=\"wp-video\"><video class=\"wp-video-shortcode\" id=\"video-998-1\" width=\"1080\" height=\"1920\" preload=\"metadata\" controls=\"controls\"><source type=\"video\/mp4\" src=\"https:\/\/www.nimfetka.pl\/wp-content\/uploads\/2025\/06\/Avignon-Secret-1-GOTOWE1.mp4?_=1\" \/><a href=\"https:\/\/www.nimfetka.pl\/wp-content\/uploads\/2025\/06\/Avignon-Secret-1-GOTOWE1.mp4\">https:\/\/www.nimfetka.pl\/wp-content\/uploads\/2025\/06\/Avignon-Secret-1-GOTOWE1.mp4<\/a><\/video><\/div>\n","protected":false},"excerpt":{"rendered":"<p>Tabela rozmiar\u00f3w:<\/p>\n<p><strong>Rozmiar S:<\/strong>\u00a0Miseczka: A\/B, pod biustem: 80-88 cm, talia: 62-70 cm<br \/>\n<strong>Rozmiar M:<\/strong>\u00a0Miseczka: A\/B\/C, pod biustem: 85-93 cm, talia: 67-75 cm<br \/>\n<strong>Rozmiar L:<\/strong>\u00a0Miseczka: A\/B\/C, pod biustem: 91-99 cm, talia: 73-81 cm<br \/>\n<strong>Rozmiar XL:<\/strong>\u00a0Miseczka: B\/C\/D\/DD, pod biustem: 97-105 cm, talia: 79-87 cm<br \/>\n<strong>Rozmiar 2XL:<\/strong>\u00a0Miseczka: D\/DD\/DDD, Pod biustem: 103-111cm, talia: 85-93 cm<\/p>\n<p>Uwaga:<br \/>\n\u2013 Mo\u017ce wyst\u0105pi\u0107 odchylenie rz\u0119du 1\u20132 cm w r\u00f3\u017cnych rozmiarach i miejscach pomiaru.<br \/>\n\u2013 Kolor mo\u017ce by\u0107 ja\u015bniejszy lub ciemniejszy ze wzgl\u0119du na r\u00f3\u017cne ekrany komputera.<\/p>\n","protected":false},"featured_media":1000,"comment_status":"open","ping_status":"closed","template":"","meta":{"neve_meta_sidebar":"","neve_meta_container":"","neve_meta_enable_content_width":"off","neve_meta_content_width":100,"neve_meta_title_alignment":"","neve_meta_author_avatar":"","neve_post_elements_order":"","neve_meta_disable_header":"","neve_meta_disable_footer":"","neve_meta_disable_title":"","_themeisle_gutenberg_block_has_review":false},"product_brand":[],"product_cat":[20],"product_tag":[],"class_list":{"0":"post-998","1":"product","2":"type-product","3":"status-publish","4":"has-post-thumbnail","6":"product_cat-komplety-bielizny","8":"first","9":"instock","10":"sale","11":"taxable","12":"shipping-taxable","13":"purchasable","14":"product-type-variable"},"jetpack_sharing_enabled":true,"_links":{"self":[{"href":"https:\/\/www.nimfetka.pl\/index.php\/wp-json\/wp\/v2\/product\/998","targetHints":{"allow":["GET"]}}],"collection":[{"href":"https:\/\/www.nimfetka.pl\/index.php\/wp-json\/wp\/v2\/product"}],"about":[{"href":"https:\/\/www.nimfetka.pl\/index.php\/wp-json\/wp\/v2\/types\/product"}],"replies":[{"embeddable":true,"href":"https:\/\/www.nimfetka.pl\/index.php\/wp-json\/wp\/v2\/comments?post=998"}],"wp:featuredmedia":[{"embeddable":true,"href":"https:\/\/www.nimfetka.pl\/index.php\/wp-json\/wp\/v2\/media\/1000"}],"wp:attachment":[{"href":"https:\/\/www.nimfetka.pl\/index.php\/wp-json\/wp\/v2\/media?parent=998"}],"wp:term":[{"taxonomy":"product_brand","embeddable":true,"href":"https:\/\/www.nimfetka.pl\/index.php\/wp-json\/wp\/v2\/product_brand?post=998"},{"taxonomy":"product_cat","embeddable":true,"href":"https:\/\/www.nimfetka.pl\/index.php\/wp-json\/wp\/v2\/product_cat?post=998"},{"taxonomy":"product_tag","embeddable":true,"href":"https:\/\/www.nimfetka.pl\/index.php\/wp-json\/wp\/v2\/product_tag?post=998"}],"curies":[{"name":"wp","href":"https:\/\/api.w.org\/{rel}","templated":true}]}}