{"id":1704,"date":"2025-06-19T10:11:39","date_gmt":"2025-06-19T10:11:39","guid":{"rendered":"https:\/\/www.nimfetka.pl\/?post_type=product&#038;p=1704"},"modified":"2025-07-14T15:42:12","modified_gmt":"2025-07-14T15:42:12","slug":"sznurowane-body-firenze-passione","status":"publish","type":"product","link":"https:\/\/www.nimfetka.pl\/index.php\/produkt\/sznurowane-body-firenze-passione\/","title":{"rendered":"SZNUROWANE BODY FIRENZE PASSIONE"},"content":{"rendered":"<p data-start=\"226\" data-end=\"555\"><strong data-start=\"226\" data-end=\"246\">Firenze Passione<\/strong> to bielizna, kt\u00f3ra m\u00f3wi wi\u0119cej ni\u017c s\u0142owa. Gorsetowy kr\u00f3j z finezyjnym wi\u0105zaniem z przodu podkre\u015bla kobiece kszta\u0142ty i modeluje sylwetk\u0119, tworz\u0105c efekt zniewalaj\u0105cej talii. Przezroczysta koronka, paski do po\u0144czoch i dopasowane stringi sprawiaj\u0105, \u017ce ka\u017cda chwila w tym komplecie nabiera wyj\u0105tkowego napi\u0119cia.<\/p>\n<p data-start=\"557\" data-end=\"702\">Stworzony z elastycznego, mi\u0119kkiego materia\u0142u, dopasowuje si\u0119 do cia\u0142a niczym druga sk\u00f3ra \u2013 zapewniaj\u0105c pe\u0142en komfort i seksowny wygl\u0105d w jednym.<\/p>\n<p data-start=\"864\" data-end=\"890\">\u2728 <strong data-start=\"866\" data-end=\"890\">Zachwycaj\u0105ce detale:<\/strong><\/p>\n<p data-start=\"893\" data-end=\"993\">Bustierowy kr\u00f3j z wi\u0105zaniem w stylu corset-tie \u2013 dla idealnego dopasowania i wyrafinowanego efektu<br \/>\nRegulowane rami\u0105czka i paski do po\u0144czoch \u2013 pe\u0142na kontrola nad dopasowaniem<br \/>\nPrzewiewna koronka i mi\u0119kki materia\u0142 \u2013 dla komfortu nawet podczas najbardziej gor\u0105cych nocy<\/p>\n<p data-start=\"1170\" data-end=\"1335\">\ud83d\udd39 <strong data-start=\"1173\" data-end=\"1186\">Materia\u0142:<\/strong> 90% poliester, 10% elastan \u2013 delikatny, elastyczny i trwa\u0142y<br data-start=\"1246\" data-end=\"1249\" \/>\ud83d\udd39 <strong data-start=\"1252\" data-end=\"1268\">Piel\u0119gnacja:<\/strong> Zalecane pranie r\u0119czne \u2013 by cieszy\u0107 si\u0119 pi\u0119knem bielizny na d\u0142u\u017cej<\/p>\n<div style=\"width: 1080px;\" class=\"wp-video\"><video class=\"wp-video-shortcode\" id=\"video-1704-1\" width=\"1080\" height=\"1920\" preload=\"metadata\" controls=\"controls\"><source type=\"video\/mp4\" src=\"https:\/\/www.nimfetka.pl\/wp-content\/uploads\/2025\/06\/FirenzePassione-GOTOWE.mp4?_=1\" \/><a href=\"https:\/\/www.nimfetka.pl\/wp-content\/uploads\/2025\/06\/FirenzePassione-GOTOWE.mp4\">https:\/\/www.nimfetka.pl\/wp-content\/uploads\/2025\/06\/FirenzePassione-GOTOWE.mp4<\/a><\/video><\/div>\n","protected":false},"excerpt":{"rendered":"<p>Tabela rozmiar\u00f3w:<\/p>\n<p><strong>Rozmiar S:<\/strong> Biust: 82-87 cm, talia: 65-70 cm, d\u0142ugo\u015b\u0107 39<br \/>\n<strong>Rozmiar M:<\/strong> Biust: 88-93 cm, talia: 70-75cm, d\u0142ugo\u015b\u0107 40<br \/>\n<strong>Rozmiar L:<\/strong> Biust: 94-99 cm, talia: 76-81 cm, d\u0142ugo\u015b\u0107 41<br \/>\n<strong>Rozmiar XL:<\/strong> Biust: 100-105 cm, talia: 82-87 cm, d\u0142ugo\u015b\u0107 42<br \/>\n<strong>Rozmiar 2XL:<\/strong> Biust: 105-110 cm, talia: 88-93 cm, d\u0142ugo\u015b\u0107 43<\/p>\n<p>Uwaga:<br \/>\n\u2013 Mo\u017ce wyst\u0105pi\u0107 odchylenie rz\u0119du 1\u20132 cm w r\u00f3\u017cnych rozmiarach i miejscach pomiaru.<br \/>\n\u2013 Kolor mo\u017ce by\u0107 ja\u015bniejszy lub ciemniejszy ze wzgl\u0119du na r\u00f3\u017cne ekrany.<\/p>\n","protected":false},"featured_media":1705,"comment_status":"open","ping_status":"closed","template":"","meta":{"neve_meta_sidebar":"","neve_meta_container":"","neve_meta_enable_content_width":"off","neve_meta_content_width":100,"neve_meta_title_alignment":"","neve_meta_author_avatar":"","neve_post_elements_order":"","neve_meta_disable_header":"","neve_meta_disable_footer":"","neve_meta_disable_title":"","_themeisle_gutenberg_block_has_review":false},"product_brand":[],"product_cat":[21,20],"product_tag":[],"class_list":{"0":"post-1704","1":"product","2":"type-product","3":"status-publish","4":"has-post-thumbnail","6":"product_cat-body","7":"product_cat-komplety-bielizny","9":"first","10":"instock","11":"sale","12":"taxable","13":"shipping-taxable","14":"purchasable","15":"product-type-variable"},"jetpack_sharing_enabled":true,"_links":{"self":[{"href":"https:\/\/www.nimfetka.pl\/index.php\/wp-json\/wp\/v2\/product\/1704","targetHints":{"allow":["GET"]}}],"collection":[{"href":"https:\/\/www.nimfetka.pl\/index.php\/wp-json\/wp\/v2\/product"}],"about":[{"href":"https:\/\/www.nimfetka.pl\/index.php\/wp-json\/wp\/v2\/types\/product"}],"replies":[{"embeddable":true,"href":"https:\/\/www.nimfetka.pl\/index.php\/wp-json\/wp\/v2\/comments?post=1704"}],"wp:featuredmedia":[{"embeddable":true,"href":"https:\/\/www.nimfetka.pl\/index.php\/wp-json\/wp\/v2\/media\/1705"}],"wp:attachment":[{"href":"https:\/\/www.nimfetka.pl\/index.php\/wp-json\/wp\/v2\/media?parent=1704"}],"wp:term":[{"taxonomy":"product_brand","embeddable":true,"href":"https:\/\/www.nimfetka.pl\/index.php\/wp-json\/wp\/v2\/product_brand?post=1704"},{"taxonomy":"product_cat","embeddable":true,"href":"https:\/\/www.nimfetka.pl\/index.php\/wp-json\/wp\/v2\/product_cat?post=1704"},{"taxonomy":"product_tag","embeddable":true,"href":"https:\/\/www.nimfetka.pl\/index.php\/wp-json\/wp\/v2\/product_tag?post=1704"}],"curies":[{"name":"wp","href":"https:\/\/api.w.org\/{rel}","templated":true}]}}