{"id":1694,"date":"2025-06-19T09:41:17","date_gmt":"2025-06-19T09:41:17","guid":{"rendered":"https:\/\/www.nimfetka.pl\/?post_type=product&#038;p=1694"},"modified":"2025-07-02T21:27:49","modified_gmt":"2025-07-02T21:27:49","slug":"koronkowy-komplet-je-tallume","status":"publish","type":"product","link":"https:\/\/www.nimfetka.pl\/index.php\/produkt\/koronkowy-komplet-je-tallume\/","title":{"rendered":"KORONKOWY KOMPLET JE T\u2019ALLUME"},"content":{"rendered":"<p data-start=\"171\" data-end=\"214\"><strong data-start=\"171\" data-end=\"214\">Je t\u2019Allume \u2013 Gdy zmys\u0142y zapalaj\u0105 ogie\u0144<\/strong><\/p>\n<p data-start=\"216\" data-end=\"578\">Rozpal wyobra\u017ani\u0119 w komplecie <strong data-start=\"246\" data-end=\"261\">Je t\u2019Allume<\/strong> \u2013 elektryzuj\u0105cej bieli\u017anie, kt\u00f3ra nie zostawia miejsca na niedopowiedzenia. Koronkowy biustonosz o delikatnym kwiatowym wzorze z finezyjnym wyci\u0119ciem na dekolcie subtelnie podkre\u015bla piersi, podczas gdy paseczki oplataj\u0105ce cia\u0142o zmys\u0142owo akcentuj\u0105 tali\u0119 i biodra, prowadz\u0105c wzrok tam, gdzie zaczyna si\u0119 gra wyobra\u017ani.<\/p>\n<p data-start=\"580\" data-end=\"906\">G\u0142\u0119boko wyci\u0119te figi z wysokim stanem w stylu open cut, po\u0142\u0105czone z pasem do po\u0144czoch i finezyjn\u0105 koronk\u0105, tworz\u0105 hipnotyzuj\u0105c\u0105 ram\u0119 dla kobiecego cia\u0142a \u2013 idealnie dopasowan\u0105, prowokuj\u0105c\u0105 i nie do zapomnienia. Ca\u0142o\u015b\u0107 dope\u0142nia obro\u017ca z paskiem wok\u00f3\u0142 szyi, kt\u00f3ra dodaje odrobiny dominuj\u0105cego charakteru i podkre\u015bla odwa\u017cny styl.<\/p>\n<p data-start=\"908\" data-end=\"1112\">Ten komplet to nie tylko bielizna \u2013 to zaproszenie do gry zmys\u0142\u00f3w. Niezale\u017cnie czy na specjaln\u0105 noc, odwa\u017cny prezent czy po prostu dla siebie \u2013 <strong data-start=\"1052\" data-end=\"1067\">Je t\u2019Allume<\/strong> gwarantuje, \u017ce nikt nie pozostanie oboj\u0119tny.<\/p>\n<p data-start=\"1114\" data-end=\"1352\">\ud83d\udd25 Zestaw zawiera: biustonosz, figi z pasem do po\u0144czoch, paseczki dekoracyjne i obro\u017c\u0119<br data-start=\"1200\" data-end=\"1203\" \/>\ud83d\udd25 Materia\u0142: elastyczna koronka i paseczki \u2013 komfortowe dopasowanie i niezapomniany efekt<br data-start=\"1292\" data-end=\"1295\" \/>\ud83d\udd25 Zalecane pranie r\u0119czne dla zachowania jako\u015bci i detali<\/p>\n","protected":false},"excerpt":{"rendered":"<p>Tabela rozmiar\u00f3w:<\/p>\n<p><strong>Rozmiar S:<\/strong> Biust: 68-78 cm, talia: 64-76 cm<br \/>\n<strong>Rozmiar M:<\/strong> Biust: 70-80 cm, talia: 66-78 cm<br \/>\n<strong>Rozmiar L:<\/strong> Biust: 72-82 cm, talia: 68-80 cm<br \/>\n<strong>Rozmiar XL:<\/strong> Biust: 74-84 cm, talia: 70-82 cm<\/p>\n<p>Uwaga:<br \/>\n\u2013 Mo\u017ce wyst\u0105pi\u0107 odchylenie rz\u0119du 1\u20132 cm w r\u00f3\u017cnych rozmiarach i miejscach pomiaru.<br \/>\n\u2013 Kolor mo\u017ce by\u0107 ja\u015bniejszy lub ciemniejszy ze wzgl\u0119du na r\u00f3\u017cne ekrany.<\/p>\n","protected":false},"featured_media":1697,"comment_status":"open","ping_status":"closed","template":"","meta":{"neve_meta_sidebar":"","neve_meta_container":"","neve_meta_enable_content_width":"off","neve_meta_content_width":100,"neve_meta_title_alignment":"","neve_meta_author_avatar":"","neve_post_elements_order":"","neve_meta_disable_header":"","neve_meta_disable_footer":"","neve_meta_disable_title":"","_themeisle_gutenberg_block_has_review":false},"product_brand":[],"product_cat":[20],"product_tag":[],"class_list":{"0":"post-1694","1":"product","2":"type-product","3":"status-publish","4":"has-post-thumbnail","6":"product_cat-komplety-bielizny","8":"first","9":"instock","10":"sale","11":"taxable","12":"shipping-taxable","13":"purchasable","14":"product-type-variable"},"jetpack_sharing_enabled":true,"_links":{"self":[{"href":"https:\/\/www.nimfetka.pl\/index.php\/wp-json\/wp\/v2\/product\/1694","targetHints":{"allow":["GET"]}}],"collection":[{"href":"https:\/\/www.nimfetka.pl\/index.php\/wp-json\/wp\/v2\/product"}],"about":[{"href":"https:\/\/www.nimfetka.pl\/index.php\/wp-json\/wp\/v2\/types\/product"}],"replies":[{"embeddable":true,"href":"https:\/\/www.nimfetka.pl\/index.php\/wp-json\/wp\/v2\/comments?post=1694"}],"wp:featuredmedia":[{"embeddable":true,"href":"https:\/\/www.nimfetka.pl\/index.php\/wp-json\/wp\/v2\/media\/1697"}],"wp:attachment":[{"href":"https:\/\/www.nimfetka.pl\/index.php\/wp-json\/wp\/v2\/media?parent=1694"}],"wp:term":[{"taxonomy":"product_brand","embeddable":true,"href":"https:\/\/www.nimfetka.pl\/index.php\/wp-json\/wp\/v2\/product_brand?post=1694"},{"taxonomy":"product_cat","embeddable":true,"href":"https:\/\/www.nimfetka.pl\/index.php\/wp-json\/wp\/v2\/product_cat?post=1694"},{"taxonomy":"product_tag","embeddable":true,"href":"https:\/\/www.nimfetka.pl\/index.php\/wp-json\/wp\/v2\/product_tag?post=1694"}],"curies":[{"name":"wp","href":"https:\/\/api.w.org\/{rel}","templated":true}]}}