{"id":1450,"date":"2025-06-15T15:57:41","date_gmt":"2025-06-15T15:57:41","guid":{"rendered":"https:\/\/www.nimfetka.pl\/?post_type=product&#038;p=1450"},"modified":"2025-06-29T17:42:56","modified_gmt":"2025-06-29T17:42:56","slug":"koronkowa-koszulka-bari-mare","status":"publish","type":"product","link":"https:\/\/www.nimfetka.pl\/index.php\/produkt\/koronkowa-koszulka-bari-mare\/","title":{"rendered":"KORONKOWA KOSZULKA BARI MARE"},"content":{"rendered":"<p data-start=\"100\" data-end=\"152\"><strong data-start=\"100\" data-end=\"152\">Bari Mare \u2013 noc, kt\u00f3ra zaczyna si\u0119 od zmys\u0142\u00f3w&#8230;<\/strong><\/p>\n<p data-start=\"154\" data-end=\"465\">Zanurz si\u0119 w subtelnej prowokacji dzi\u0119ki koszulce nocnej <strong data-start=\"211\" data-end=\"224\">Bari Mare<\/strong> \u2013 stworzonej, by rozpali\u0107 zmys\u0142y i podkre\u015bli\u0107 ka\u017cdy kr\u0105g Twojego cia\u0142a z niewymuszon\u0105 elegancj\u0105. Delikatna koronka, p\u00f3\u0142przezroczysty materia\u0142 i figlarne wyci\u0119cia to wi\u0119cej ni\u017c bielizna \u2013 to obietnica nocy pe\u0142nej spojrze\u0144, dotyk\u00f3w i szept\u00f3w.<\/p>\n<p data-start=\"467\" data-end=\"738\">Mi\u0119kka, elastyczna tkanina zmys\u0142owo op\u0142ywa cia\u0142o, ods\u0142aniaj\u0105c dok\u0142adnie tyle, ile trzeba, by rozbudzi\u0107 wyobra\u017ani\u0119. G\u0142\u0119boki dekolt i finezyjny kr\u00f3j sprawiaj\u0105, \u017ce ka\u017cdy ruch staje si\u0119 zaproszeniem\u2026 a koronka delikatnie pie\u015bci sk\u00f3r\u0119, zostawiaj\u0105c po sobie dreszcz pragnienia.<\/p>\n<p data-start=\"740\" data-end=\"865\">Do kompletu do\u0142\u0105czone s\u0105 pasuj\u0105ce stringi \u2013 niegrzeczny detal, kt\u00f3ry dope\u0142nia ca\u0142o\u015b\u0107 w spos\u00f3b, kt\u00f3rego nie spos\u00f3b zignorowa\u0107.<\/p>\n<p data-start=\"872\" data-end=\"1056\" data-is-last-node=\"\" data-is-only-node=\"\"><strong data-start=\"875\" data-end=\"888\">Bari Mare<\/strong> \u2013 kiedy nocna koszulka przestaje by\u0107 grzeczna.<\/p>\n","protected":false},"excerpt":{"rendered":"<p>Tabela rozmiar\u00f3w:<\/p>\n<p><strong>Rozmiar S:<\/strong> Biust: 87-92 cm, biodra: 66-71 cm, d\u0142ugo\u015b\u0107 54,5 cm<br \/>\n<strong>Rozmiar M:<\/strong> Biust: 92-97 cm, biodra: 71-76 cm, d\u0142ugo\u015b\u0107 55 cm<strong><br \/>\nRozmiar L:<\/strong> Biust: 97-102 cm, biodra: 76-81 cm, d\u0142ugo\u015b\u0107 55,5 cm<br \/>\n<strong>Rozmiar XL:<\/strong> Biust: 102-107 cm, biodra: 81-86 cm, d\u0142ugo\u015b\u0107 56 cm<br \/>\n<strong>Rozmiar 2XL:<\/strong> Biust: 107-112 cm, biodra: 86-91 cm, d\u0142ugo\u015b\u0107 56,5 cm<\/p>\n<p>Uwaga:<br \/>\n\u2013 Mo\u017ce wyst\u0105pi\u0107 odchylenie rz\u0119du 1\u20132 cm w r\u00f3\u017cnych rozmiarach i miejscach pomiaru.<br \/>\n\u2013 Kolor mo\u017ce by\u0107 ja\u015bniejszy lub ciemniejszy ze wzgl\u0119du na r\u00f3\u017cne ekrany.<\/p>\n","protected":false},"featured_media":1452,"comment_status":"open","ping_status":"closed","template":"","meta":{"neve_meta_sidebar":"","neve_meta_container":"","neve_meta_enable_content_width":"off","neve_meta_content_width":100,"neve_meta_title_alignment":"","neve_meta_author_avatar":"","neve_post_elements_order":"","neve_meta_disable_header":"","neve_meta_disable_footer":"","neve_meta_disable_title":"","_themeisle_gutenberg_block_has_review":false},"product_brand":[],"product_cat":[25],"product_tag":[],"class_list":{"0":"post-1450","1":"product","2":"type-product","3":"status-publish","4":"has-post-thumbnail","6":"product_cat-koszulki-nocne","8":"first","9":"instock","10":"sale","11":"taxable","12":"shipping-taxable","13":"purchasable","14":"product-type-variable"},"jetpack_sharing_enabled":true,"_links":{"self":[{"href":"https:\/\/www.nimfetka.pl\/index.php\/wp-json\/wp\/v2\/product\/1450","targetHints":{"allow":["GET"]}}],"collection":[{"href":"https:\/\/www.nimfetka.pl\/index.php\/wp-json\/wp\/v2\/product"}],"about":[{"href":"https:\/\/www.nimfetka.pl\/index.php\/wp-json\/wp\/v2\/types\/product"}],"replies":[{"embeddable":true,"href":"https:\/\/www.nimfetka.pl\/index.php\/wp-json\/wp\/v2\/comments?post=1450"}],"wp:featuredmedia":[{"embeddable":true,"href":"https:\/\/www.nimfetka.pl\/index.php\/wp-json\/wp\/v2\/media\/1452"}],"wp:attachment":[{"href":"https:\/\/www.nimfetka.pl\/index.php\/wp-json\/wp\/v2\/media?parent=1450"}],"wp:term":[{"taxonomy":"product_brand","embeddable":true,"href":"https:\/\/www.nimfetka.pl\/index.php\/wp-json\/wp\/v2\/product_brand?post=1450"},{"taxonomy":"product_cat","embeddable":true,"href":"https:\/\/www.nimfetka.pl\/index.php\/wp-json\/wp\/v2\/product_cat?post=1450"},{"taxonomy":"product_tag","embeddable":true,"href":"https:\/\/www.nimfetka.pl\/index.php\/wp-json\/wp\/v2\/product_tag?post=1450"}],"curies":[{"name":"wp","href":"https:\/\/api.w.org\/{rel}","templated":true}]}}