{"id":1221,"date":"2025-06-08T22:36:47","date_gmt":"2025-06-08T22:36:47","guid":{"rendered":"https:\/\/www.nimfetka.pl\/?post_type=product&#038;p=1221"},"modified":"2025-07-02T21:23:11","modified_gmt":"2025-07-02T21:23:11","slug":"otwarte-bodystocking-palermo-notturna","status":"publish","type":"product","link":"https:\/\/www.nimfetka.pl\/index.php\/produkt\/otwarte-bodystocking-palermo-notturna\/","title":{"rendered":"OTWARTE BODYSTOCKING PALERMO NOTTURNA"},"content":{"rendered":"<p data-start=\"118\" data-end=\"169\"><strong data-start=\"118\" data-end=\"169\">Palermo Notturna \u2013 Odwa\u017c si\u0119 na noc pe\u0142n\u0105 pokus<\/strong><\/p>\n<p data-start=\"171\" data-end=\"486\">Poznaj Palermo Notturna \u2013 bodystocking stworzony po to, by rozpali\u0107 zmys\u0142y i doda\u0107 Ci odwagi. Ta uwodzicielska siateczkowa skarpeta oplata cia\u0142o jak druga sk\u00f3ra, subtelnie ods\u0142aniaj\u0105c to, co najpi\u0119kniejsze. Jej zmys\u0142owy fason zosta\u0142 zaprojektowany z my\u015bl\u0105 o kobietach, kt\u00f3re chc\u0105 b\u0142yszcze\u0107 \u2013 bez wzgl\u0119du na rozmiar.<\/p>\n<p data-start=\"488\" data-end=\"788\">Delikatna siateczka typu rybackiego modeluje sylwetk\u0119, podkre\u015blaj\u0105c kr\u0105g\u0142o\u015bci i wydobywaj\u0105c z niej czyste &#8222;wow&#8221;. Palermo Notturna pasuje na kobiety od XS do XL (127\u2013188 cm wzrostu, 32\u201375 kg wagi) \u2013 dzi\u0119ki elastycznemu materia\u0142owi idealnie dopasowuje si\u0119 do cia\u0142a, oplataj\u0105c je jak grzeszna tajemnica.<\/p>\n<p data-start=\"790\" data-end=\"1054\">No\u015b j\u0105 solo dla maksymalnego efektu, albo zestaw z ulubionym biustonoszem i szpilkami \u2013 w sypialni, na sesji zdj\u0119ciowej, a nawet&#8230; jako przewrotny akcent pod marynark\u0105. Ka\u017cda noc zas\u0142uguje na swoj\u0105 legend\u0119 \u2013 Palermo Notturna sprawi, \u017ce to w\u0142a\u015bnie Ty j\u0105 napiszesz.<\/p>\n<p>Otwarte bodystocking <strong data-start=\"118\" data-end=\"169\">Palermo Notturna <\/strong>wy<span class=\"a-list-item a-size-base a-color-base\">konane jest w 90% z nylonu i 10% spandeksu, kt\u00f3ry ma dobr\u0105 elastyczno\u015b\u0107 i mi\u0119kko\u015b\u0107 oraz zapewnia przyjemne uczucie podczas noszenia.<\/span><\/p>\n<p>Chcesz, by Ci\u0119 zapami\u0119ta\u0142? Wsu\u0144 si\u0119 w <strong>Palermo Notturna.<\/strong><\/p>\n","protected":false},"excerpt":{"rendered":"<p>Tabela rozmiar\u00f3w:<\/p>\n<p><strong>Rozmiar UNI:<br \/>\n<\/strong>Wzrost od <strong data-start=\"232\" data-end=\"242\">130 cm<\/strong> do <strong data-start=\"246\" data-end=\"256\">185 cm<br \/>\n<\/strong>Waga od <strong data-start=\"274\" data-end=\"283\">32 kg<\/strong> do <strong data-start=\"287\" data-end=\"296\" data-is-last-node=\"\">75 kg<\/strong><\/p>\n<p>Uwaga:<br \/>\n\u2013 Mo\u017ce wyst\u0105pi\u0107 odchylenie rz\u0119du 1\u20132 cm w r\u00f3\u017cnych rozmiarach i miejscach pomiaru.<br \/>\n\u2013 Kolor mo\u017ce by\u0107 ja\u015bniejszy lub ciemniejszy ze wzgl\u0119du na r\u00f3\u017cne ekrany.<\/p>\n","protected":false},"featured_media":1223,"comment_status":"open","ping_status":"closed","template":"","meta":{"neve_meta_sidebar":"","neve_meta_container":"","neve_meta_enable_content_width":"off","neve_meta_content_width":100,"neve_meta_title_alignment":"","neve_meta_author_avatar":"","neve_post_elements_order":"","neve_meta_disable_header":"","neve_meta_disable_footer":"","neve_meta_disable_title":"","_themeisle_gutenberg_block_has_review":false},"product_brand":[],"product_cat":[22],"product_tag":[],"class_list":{"0":"post-1221","1":"product","2":"type-product","3":"status-publish","4":"has-post-thumbnail","6":"product_cat-bodystocking","8":"first","9":"instock","10":"sale","11":"taxable","12":"shipping-taxable","13":"purchasable","14":"product-type-simple"},"jetpack_sharing_enabled":true,"_links":{"self":[{"href":"https:\/\/www.nimfetka.pl\/index.php\/wp-json\/wp\/v2\/product\/1221","targetHints":{"allow":["GET"]}}],"collection":[{"href":"https:\/\/www.nimfetka.pl\/index.php\/wp-json\/wp\/v2\/product"}],"about":[{"href":"https:\/\/www.nimfetka.pl\/index.php\/wp-json\/wp\/v2\/types\/product"}],"replies":[{"embeddable":true,"href":"https:\/\/www.nimfetka.pl\/index.php\/wp-json\/wp\/v2\/comments?post=1221"}],"wp:featuredmedia":[{"embeddable":true,"href":"https:\/\/www.nimfetka.pl\/index.php\/wp-json\/wp\/v2\/media\/1223"}],"wp:attachment":[{"href":"https:\/\/www.nimfetka.pl\/index.php\/wp-json\/wp\/v2\/media?parent=1221"}],"wp:term":[{"taxonomy":"product_brand","embeddable":true,"href":"https:\/\/www.nimfetka.pl\/index.php\/wp-json\/wp\/v2\/product_brand?post=1221"},{"taxonomy":"product_cat","embeddable":true,"href":"https:\/\/www.nimfetka.pl\/index.php\/wp-json\/wp\/v2\/product_cat?post=1221"},{"taxonomy":"product_tag","embeddable":true,"href":"https:\/\/www.nimfetka.pl\/index.php\/wp-json\/wp\/v2\/product_tag?post=1221"}],"curies":[{"name":"wp","href":"https:\/\/api.w.org\/{rel}","templated":true}]}}