{"id":1216,"date":"2025-06-08T22:23:55","date_gmt":"2025-06-08T22:23:55","guid":{"rendered":"https:\/\/www.nimfetka.pl\/?post_type=product&#038;p=1216"},"modified":"2025-07-02T21:22:26","modified_gmt":"2025-07-02T21:22:26","slug":"bodystocking-z-ponczochami-modena-tentazione","status":"publish","type":"product","link":"https:\/\/www.nimfetka.pl\/index.php\/produkt\/bodystocking-z-ponczochami-modena-tentazione\/","title":{"rendered":"BODYSTOCKING Z PO\u0143CZOCHAMI MODENA TENTAZIONE"},"content":{"rendered":"<p data-start=\"72\" data-end=\"132\"><strong data-start=\"72\" data-end=\"132\">Modena Tentazione \u2013 pokusa, kt\u00f3rej nie spos\u00f3b si\u0119 oprze\u0107<\/strong><\/p>\n<p data-start=\"134\" data-end=\"457\">Wejd\u017a do gry w uwodzenie z kompletem <strong data-start=\"171\" data-end=\"192\">Modena Tentazione<\/strong> \u2013 odwa\u017cnym bodystockingiem stworzonym, by kusi\u0107, prowokowa\u0107 i&#8230; rozgrzewa\u0107 zmys\u0142y do czerwono\u015bci. Przezroczysty, bezplecowy kr\u00f3j ods\u0142ania wi\u0119cej, ni\u017c zakrywa \u2013 to zaproszenie do \u015bwiata, w kt\u00f3rym ka\u017cdy szczeg\u00f3\u0142 Twojego cia\u0142a staje si\u0119 cz\u0119\u015bci\u0105 erotycznej opowie\u015bci.<\/p>\n<p data-start=\"459\" data-end=\"787\">Wykonany z ultraelastycznego, mi\u0119kkiego materia\u0142u, kt\u00f3ry pie\u015bci sk\u00f3r\u0119 i dopasowuje si\u0119 jak druga sk\u00f3ra, <strong data-start=\"563\" data-end=\"584\">Modena Tentazione<\/strong> podkre\u015bla ka\u017cd\u0105 lini\u0119, ka\u017cdy kszta\u0142t \u2013 dok\u0142adnie tam, gdzie spojrzenie lubi zatrzyma\u0107 si\u0119 najd\u0142u\u017cej. Otul swoje cia\u0142o siateczk\u0105 pe\u0142n\u0105 obietnic i zostaw partnerowi tylko jedno pytanie: <em data-start=\"769\" data-end=\"787\">co b\u0119dzie dalej?<\/em><\/p>\n<p data-start=\"789\" data-end=\"992\">To nie tylko bielizna \u2013 to bro\u0144 masowego uwodzenia. Idealna na noce, kt\u00f3re maj\u0105 si\u0119 zapisa\u0107 w pami\u0119ci. Walentynki? Miesi\u0105c miodowy? A mo\u017ce po prostu pi\u0105tkowy wiecz\u00f3r bez \u017cadnego powodu poza nami\u0119tno\u015bci\u0105?<\/p>\n<p data-start=\"789\" data-end=\"992\">Bodystocking z po\u0144\u0107zochami <strong data-start=\"999\" data-end=\"1020\">Modena Tentazione<\/strong> <span class=\"a-list-item a-size-base a-color-base\">sk\u0142ada si\u0119 w 95% z nylonu, 5% spandexu, kt\u00f3ry ma dobr\u0105 elastyczno\u015b\u0107 i mi\u0119kko\u015b\u0107 oraz zapewnia przyjemne uczucie podczas noszenia.<\/span><\/p>\n<p data-start=\"999\" data-end=\"1102\" data-is-last-node=\"\" data-is-only-node=\"\"><strong data-start=\"999\" data-end=\"1020\">Modena Tentazione<\/strong> \u2013 bo czasem wystarczy tylko jedno spojrzenie, by rozpali\u0107 ogie\u0144 nie do ugaszenia.<\/p>\n","protected":false},"excerpt":{"rendered":"<p>Tabela rozmiar\u00f3w:<\/p>\n<p><strong>Rozmiar UNI: <\/strong>pod biustem: 84-100 cm, talia: 65-83 cm,<\/p>\n<p>Uwaga:<br \/>\n\u2013 Mo\u017ce wyst\u0105pi\u0107 odchylenie rz\u0119du 1\u20132 cm w r\u00f3\u017cnych rozmiarach i miejscach pomiaru.<br \/>\n\u2013 Kolor mo\u017ce by\u0107 ja\u015bniejszy lub ciemniejszy ze wzgl\u0119du na r\u00f3\u017cne ekrany.<\/p>\n","protected":false},"featured_media":1217,"comment_status":"open","ping_status":"closed","template":"","meta":{"neve_meta_sidebar":"","neve_meta_container":"","neve_meta_enable_content_width":"off","neve_meta_content_width":100,"neve_meta_title_alignment":"","neve_meta_author_avatar":"","neve_post_elements_order":"","neve_meta_disable_header":"","neve_meta_disable_footer":"","neve_meta_disable_title":"","_themeisle_gutenberg_block_has_review":false},"product_brand":[],"product_cat":[22],"product_tag":[],"class_list":{"0":"post-1216","1":"product","2":"type-product","3":"status-publish","4":"has-post-thumbnail","6":"product_cat-bodystocking","8":"first","9":"instock","10":"sale","11":"taxable","12":"shipping-taxable","13":"purchasable","14":"product-type-simple"},"jetpack_sharing_enabled":true,"_links":{"self":[{"href":"https:\/\/www.nimfetka.pl\/index.php\/wp-json\/wp\/v2\/product\/1216","targetHints":{"allow":["GET"]}}],"collection":[{"href":"https:\/\/www.nimfetka.pl\/index.php\/wp-json\/wp\/v2\/product"}],"about":[{"href":"https:\/\/www.nimfetka.pl\/index.php\/wp-json\/wp\/v2\/types\/product"}],"replies":[{"embeddable":true,"href":"https:\/\/www.nimfetka.pl\/index.php\/wp-json\/wp\/v2\/comments?post=1216"}],"wp:featuredmedia":[{"embeddable":true,"href":"https:\/\/www.nimfetka.pl\/index.php\/wp-json\/wp\/v2\/media\/1217"}],"wp:attachment":[{"href":"https:\/\/www.nimfetka.pl\/index.php\/wp-json\/wp\/v2\/media?parent=1216"}],"wp:term":[{"taxonomy":"product_brand","embeddable":true,"href":"https:\/\/www.nimfetka.pl\/index.php\/wp-json\/wp\/v2\/product_brand?post=1216"},{"taxonomy":"product_cat","embeddable":true,"href":"https:\/\/www.nimfetka.pl\/index.php\/wp-json\/wp\/v2\/product_cat?post=1216"},{"taxonomy":"product_tag","embeddable":true,"href":"https:\/\/www.nimfetka.pl\/index.php\/wp-json\/wp\/v2\/product_tag?post=1216"}],"curies":[{"name":"wp","href":"https:\/\/api.w.org\/{rel}","templated":true}]}}